 -5*v + 44*q + 49, 0 = 3*v + 4*q + 7. Let j(s) = s**3 - 9*s**2 + 4*s + 2. What is j(v)?
-68
Let a(q) = 50*q**2 - 7*q - 26. Let n(x) = -149*x**2 + 19*x + 69. Let u(y) = 8*a(y) + 3*n(y). Determine u(1).
-47
Suppose -43 = 5*u + b - 4, 0 = -b - 4. Let i(r) = 7*r + 50. Give i(u).
1
Let k(a) = 2*a**2 + 13*a - 4. Suppose 18*x = 15*x - 18. Determine k(x).
-10
Let b be (-2 + (0 - 0))*(-237)/(-237). Let i(c) = -15*c - 5. Give i(b).
25
Let q(m) be the third derivative of m**4/24 - m**3/2 - m**2 + 15. Let d = 1 - -4. Suppose -5*v = -3*b - 20, -d*b + 3*v = 44 - 16. Give q(b).
-8
Let t(i) = -1826*i + 1825*i + 0 + 1. Let f(y) = 2*y**2 - 2*y + 5. Let g be f(2). Suppose -25 = -4*m - g. Give t(m).
-3
Let s(x) = x**3 - 27*x**2 - 33*x + 164. Let r be s(28). Let p(o) = o**2 - 37*o + 318. What is p(r)?
6
Let h(a) = a**3 - 5*a**2 - 6*a + 4. Let q = 92 - 122. Let z = q + 33. Suppose 0 = z*i + 5*n - 10 - 5, 3*n = 0. What is h(i)?
-26
Suppose -29*m + 8 = -27*m + 3*y, 2*m + 2*y = 8. Let x(u) = 5*u**2 - 20*u + 9. What is x(m)?
9
Let d(t) = t**3 - 3*t**2 + 4*t - 4. Let o(y) = -183*y + 48. Let s be o(4). Let q = -681 - s. Give d(q).
8
Let q(b) = b**2 + 8*b + 5. Let p be q(-6). Let v(x) = -x**2 + 6*x + 8. Let d(f) = 11 - 12*f + 3*f**2 - 53 + 16 + 11. Let a(c) = -2*d(c) - 5*v(c). Give a(p).
-17
Let v = 37443 - 37441. Let l(o) = 2*o**3 - 3*o**2 + 5*o - 5. Determine l(v).
9
Let u be (-835)/1002*1*-6*1. Let m(d) = -38*d + 182. What is m(u)?
-8
Let t(a) = -a - 3. Let n be (3 + 23 + 1)/(-1). Let s = n - -28. Let p be s*(0 + 6)/2. Calculate t(p).
-6
Let k(g) = -7*g**3 + 6*g**2 + 5*g - 1. Let n be 5*(5 + 42/(-7)). Let x(t) = 7*t**3 - 7*t**2 - 6*t + 1. Let w(i) = n*x(i) - 6*k(i). Give w(-1).
-7
Let o(g) = g - 20. Let w be (1 - 3/4) + 156/16. Let q be o(w). Let s be (-8)/q + (-8)/10. Let b(f) = -f - 13. What is b(s)?
-13
Let x(r) be the second derivative of r**3/6 + 5*r**2/2 + 174*r. Suppose -11 = c - 5*t, 8 = 3*t - 1. Calculate x(c).
9
Let q(g) be the first derivative of -g**4/4 + 5*g**3/3 - 3*g**2/2 - 4*g - 248. Let f be -1 - 1 - -2 - -3. Suppose -6 = -f*o + o. What is q(o)?
5
Let g(o) = o**3 + 9*o**2 + o - 4. Let q = 208 + -210. Let y(c) = c**3 + 9*c**2 + c - 5. Let u(i) = q*y(i) + 3*g(i). Give u(-9).
-11
Suppose -3*p = 4*i + 4, -5*i - 7 + 13 = p. Let b(h) = 9 - 13*h**2 - 7*h + 12*h**i - 2. Determine b(-7).
7
Let k(q) = 2*q**2 + 3*q + 2. Let x(u) = -u**2 - 2*u - 3. Let c(d) = 2*k(d) + 3*x(d). Let f be c(3). Let p(o) = -6*o - 2*o + f*o - 7. Calculate p(-5).
13
Let j(x) = x - 8. Suppose 4*f + 0*r = -3*r - 870, -r - 218 = f. Let t = 221 + f. Give j(t).
-3
Let w = -44 - -48. Let a be 2*((-8)/(-2) - 3). Let p(k) = a*k**2 + 5*k + 8 - 4 - k**3 - k. Calculate p(w).
-12
Suppose 0 = 5*z + 5*w - 5, 5*z + w - 7 - 10 = 0. Suppose -14 = z*p - 2. Let i(b) = -9*b**3 - 3*b**2 - 19*b**3 + 39*b**3 - 1 - 12*b**3. Determine i(p).
-1
Let o(b) = -7*b**2 + 18 - 1012393*b - 113 + b**3 + 1012397*b. What is o(8)?
1
Let i(p) be the first derivative of p**4/4 + 8*p**3/3 + 15*p**2/2 + p - 844. Determine i(-6).
-17
Let g(c) = c**3 - 35*c**2 + 98*c - 2. Let z be g(3). Let s(m) be the third derivative of -m**2 + 0*m + 1/6*m**z + 0 - 1/2*m**3. What is s(6)?
21
Let w(y) = -4*y + 118. Suppose -4*x = 3*c - x - 69, -12 = 4*x. Calculate w(c).
14
Let r(f) be the first derivative of f**4/2 + f**3/3 + 1. Suppose -21*v = -7721 + 7700. Determine r(v).
3
Let a(j) be the first derivative of -j - 308 + 4*j**2 + 1/3*j**3. Give a(-9).
8
Let n(u) = -u**3 - 7*u**2 - 11*u - 6. Let k be n(-5). Let c(t) be the second derivative of -17*t**3/3 + 18*t + 3. What is c(k)?
34
Let i(n) = n**3 + 7*n**2 + 19*n + 238. Let j be i(-8). Let o(y) = y**2 - 18*y - 92. Calculate o(j).
-4
Suppose 260 = -8*s - 548. Let z = s - -101. Let o(u) be the first derivative of u**3/3 + u**2/2 + 2*u + 1. Give o(z).
2
Let c(z) be the third derivative of z**6/120 + 11*z**5/60 + 7*z**4/12 - 31*z**3/6 - 82*z**2 + 33. Calculate c(-9).
5
Let y(o) be the first derivative of 3*o**4/4 + o**3/3 + o**2/2 - o - 5108. Suppose -3 - 2 = -5*z. Determine y(z).
4
Suppose 2*n + 4*g = 176, n + 3*g - 46 = 37. Let z(b) = 3 + n*b - 3*b**2 - 4 - 94*b. Let k = 11 + -8. Calculate z(k).
-16
Suppose 12 = 19*z - 16*z - 3*n, 2*z = -n + 20. Let y(m) = -m + 12. Calculate y(z).
4
Let g(r) = -2*r**3 - 7*r**2 - 12*r + 10. Let f(m) = 2*m**3 + 7*m**2 + 11*m - 9. Let a(i) = -8*f(i) - 7*g(i). Calculate a(-2).
-2
Suppose 12 = 5*d + 4*r - 2, -5*r = -3*d + 38. Let k(g) = 0*g**2 + g**2 - 2356535 - 14*g + 2356542. Give k(d).
-41
Let z(p) = -13*p - 11*p - p**2 + 30*p + 19 - 5*p. What is z(-6)?
-23
Let b(x) be the second derivative of -x**5/20 + 7*x**4/12 - x**3/6 - 3*x**2/2 + 592*x. Give b(3).
30
Let x(n) = 18*n + 30. Let w(z) = z**2 - 51*z + 636. Let f be w(22). Give x(f).
-6
Let h(a) = 57*a**2 - 23*a + 2. Let u(c) = 26*c**2 - 11*c + 2. Let n(s) = -5*h(s) + 11*u(s). What is n(0)?
12
Let m be 7/2*(-660)/(-385). Let z(l) = -l**2 - 4*l - 18. Let g(j) = -j**2 - 5*j - 16. Let x(k) = m*g(k) - 5*z(k). What is x(-4)?
18
Let r be 10 - ((-364)/(-13) - 18). Let f(l) = -50*l - 4. What is f(r)?
-4
Let t(q) = 3 + 4 - 40 + 13 - 11*q + 14. Calculate t(0).
-6
Let n(v) = -v**2 - 10*v + 3. Let q be ((-4)/(-6))/(6/225). Suppose 2*z + 30 = 4*u, 0 = 5*z - 2*z - u + q. Calculate n(z).
24
Let s(j) = 41*j + 9 - 42*j + 1. Suppose 3*k = 12 - 0, -z + 5 = -k. Determine s(z).
1
Let n = -757 + 763. Let h(l) = n + l - 6 + 1 + 3 + 4. What is h(-4)?
4
Let x(b) = b**2 - 8*b - 4. Let o(q) = -4*q**2 + 23*q + 12. Let g(w) = 2*o(w) + 7*x(w). Suppose -101*k - 2 = -99*k - 4*j, 4*k - 4*j = -20. Give g(k).
5
Let d(o) = -1 - 113*o + 230*o - 116*o. Suppose 4*a = 2*t + 31 - 1, -5*t - 51 = -4*a. Calculate d(t).
-8
Let m(g) = 2*g - 9. Let d be m(8). Let l(c) = -d + 3*c + 4*c + c + 0*c - c**2. Let v(a) = a + 4. Let z be v(3). Give l(z).
0
Let s(k) = 277 - 7*k - 3*k - k - 9*k + 149. Calculate s(22).
-14
Suppose -30 = -6*c + 12. Suppose -c*a = 3*a - 10. Let u(v) = 6*v**3 + 2*v**2 - v. Give u(a).
7
Let c = -586 + 581. Let t(v) = -v**3 - 5*v**2 + 8*v + 12. Let z(r) = r**3 + r**2 - 2*r - 2. Let n(f) = c*z(f) - t(f). Calculate n(1).
-4
Let j(y) = y**3 + 17*y**2 + 3*y. Let c be -35 + 2 + 9 + 7. Give j(c).
-51
Let d(u) = -u**3 + u**2 - 3*u - 35. Let x be d(0). Let r be (-17)/(-9) + -2 - x/(-9). Let t(q) = 2*q + 2 + 0 + 0*q. Give t(r).
-6
Let n(v) = 5*v + 29. Suppose 17*t - 32886 = -32988. Give n(t).
-1
Let x(o) = 13*o + 14. Let y(c) = c**2 + 46*c - 45. Let b be y(1). Calculate x(b).
40
Let y(l) = 10 + 17*l - 6*l**2 - 2*l**2 + 2*l**2 + 4*l**2. Give y(9).
1
Let b(c) = 9*c**3 + 21*c**2 - c - 28. Let g(k) = -4*k**3 - 10*k**2 + k + 13. Let j(v) = 2*b(v) + 5*g(v). Give j(-4).
-3
Let d(v) = -v**3 + 1 - 1 - 2780*v**2 - 11*v + 5576*v**2 - 2783*v**2. Suppose 0 = -5*n + 2*o + 12 + 44, o - 2 = 0. What is d(n)?
12
Let j(x) = -x**2 - 17*x - 31. Let f be j(-7). Suppose 6*w + 7*w - f = 0. Let l(q) = q**2 + 2. What is l(w)?
11
Let t(d) = -2*d**2 + 16*d - 13. Let j be t(6). Let h(v) = j + v**2 + 11*v - 23 + 20. What is h(-7)?
-20
Let h(x) be the second derivative of 1/12*x**4 - 83 + x**2 - 3/2*x**3 + x. Determine h(10).
12
Let z(x) = 3*x**3 + 23*x**2 - 8*x + 10. Let w = 10457 - 10465. Determine z(w).
10
Let w be 1/(-2)*(20 - 26). Let u = w - 3. Let g(m) = -5*m + 8. Let j(q) = -11*q + 15. Let b(p) = -9*g(p) + 4*j(p). Give b(u).
-12
Let w be (2616/(-168) + 15)/((-1)/7). Let s(r) be the first derivative of -r**2/2 + r + 1. Determine s(w).
-3
Let n(o) = -2*o + 32. Suppose -15*m - 53 + 136 + 67 = 0. Calculate n(m).
12
Let f be (225/18)/(15/12). Let r(d) = -d**3 + 10*d**2 - 2*d + 10. Let b = 36 + -35. Let u(a) = -1. Let m(h) = b*r(h) - 3*u(h). Calculate m(f).
-7
Let s(f) = -f**2 - 25*f - 382. Let a(h) = 2*h**2 + 25*h + 380. Let d(v) = -2*a(v) - 3*s(v). Determine d(-11).
-10
Let t(r) = -6*r**2 + 597*r + 4475. Let g be t(-7). Let b(p) be the first derivative of p**4/4 - 2*p**3/3 + 3*p**2/2 - 3*p - 2. Determine b(g).
3
Let s(h) = 6*h**2 + 6*h - 41. Let y(o) = -10*o**2 - 9*o + 67. Let l(x) = -8*s(x) - 5*y(x). Let n = 13 + -8. What is l(n)?
28
Let w(o) be the second derivative of -o**5/20 - 11*o**4/12 - 2*o**3/3 + 5*o**2/2 - 443*o. Calculate w(-10).
-55
Let s be 172/(-36) - 7/(126/4). Let d(b) = -3*b - 3. Let m(k) = -6*k - 5. Let y(v) = s*d(v) + 2*m(v). What is y(0)?
5
Let t(y) = 2*y*